o - 2 = -10. List the prime factors of (-3 - o)/(2/(-6)).
3, 7
Let v be 1*((-6)/2 + 3). Suppose v = -3*q - 6, f + 0*q = -q + 32. List the prime factors of f.
2, 17
Let y(n) = -2*n**3 - 2*n**2 + 9*n + 1. What are the prime factors of y(-6)?
307
Let t be (-6)/(4/(-2)) + -15. What are the prime factors of t/10*(-20)/6?
2
Let p(n) = n**2 - 6*n + 2. Let t be p(6). Let y(o) = 2*o**2 - t*o**2 + 1 + 3*o + 2*o**2. List the prime factors of y(-3).
2, 5
Let k be 1 + 23 - (-30)/(-10). What are the prime factors of 429/21 + (-9)/k?
2, 5
Let u = 60 - 40. Suppose 51 = 3*y + y + 3*s, 2*y = 4*s + u. What are the prime factors of y?
2, 3
Suppose -t = 2 - 3. Let f be 20/t - (2 - 1). What are the prime factors of 1/4 - f/(-4)?
5
Let f = -5 + 12. What are the prime factors of f?
7
Let j = 6 - 2. Suppose k - 100 = -j*k. List the prime factors of k.
2, 5
Let v(h) = 4*h**2 + 6*h - 3*h - 3*h**2 - 10 - 4*h. List the prime factors of v(6).
2, 5
Suppose 45 = 5*f - 0*f - m, m + 36 = 4*f. List the prime factors of f.
3
Suppose 5*p + 551 = 3*h, -6*p = -4*h - 5*p + 729. What are the prime factors of h?
2, 7, 13
Suppose -5*i + 505 = 5*w, 2*i = -4*w + 153 + 55. List the prime factors of i.
2, 7
Let n be 43/4 + 13/52. Let p = 34 - n. What are the prime factors of p?
23
Suppose 4*j = 3*w + 20, 3*w = -0*j + j - 5. List the prime factors of j.
5
Suppose -3*v + 0*v = 0. Let r(x) = x**2 + 7*x + 7. Let o be r(-5). List the prime factors of 5 + (0 - v/o).
5
Suppose -6*a + 152 = -184. List the prime factors of a.
2, 7
Let k = 35 - -8. What are the prime factors of k?
43
Let u(n) = n**3 - 11*n**2 + 12*n - 14. Let q be u(10). Suppose -68 = 2*g - q*g. What are the prime factors of g?
17
Let a(y) = -y + 4. Suppose 2*z = 14 - 4. Suppose z*f - 2*i + 13 + 4 = 0, -5*i = 4*f + 40. What are the prime factors of a(f)?
3
Let a(r) = 3*r - 1. Let h be a(-7). Let o = h - -37. What are the prime factors of 12/(-10)*o/(-2)?
3
Let r(x) = -23*x - 22. What are the prime factors of r(-11)?
3, 7, 11
Suppose -2*z = -73 - 35. List the prime factors of z.
2, 3
Let x = 41 - 24. List the prime factors of x.
17
Suppose 0 = -5*x - 87 + 347. List the prime factors of x.
2, 13
Suppose k + 10 = -5*h - 9, 5*h = -3*k - 7. What are the prime factors of k?
2, 3
Suppose 5*h - 40 = 4*j, -3*h + 2 = -0*j + 2*j. Let a = 12 - h. What are the prime factors of a?
2
Let f = 44 + -35. What are the prime factors of f?
3
Suppose -3*s = -4*s + 13. Let v(q) = q**2 - 13*q + 10. What are the prime factors of v(s)?
2, 5
Let l(b) = -b + 16. Let h = -11 + 18. What are the prime factors of l(h)?
3
Let z = 4 - 3. Let c = z - 2. List the prime factors of c - -11 - 3/3.
3
Suppose -4*v - 5 + 17 = 0. Suppose -4*a + 5 = 7*b - 2*b, 2*b - 4*a = 2. Suppose -2*g + v = -b. What are the prime factors of g?
2
Suppose -3*v + 4*v - 33 = -5*a, -3*v - 2*a + 47 = 0. Let d(m) = -m**3 + 12*m**2 + 14*m - 15. Let o be d(v). List the prime factors of ((-28)/o - 1) + 1.
2, 7
Let i = -547 + 851. What are the prime factors of i?
2, 19
Let v be -1*(-1 + -2) - -1. Suppose -35 = -g - v*g. Suppose 5*n = 3*f + 11 + 34, -n + g = -f. List the prime factors of n.
2, 3
Let c(o) = -o**3 + 8*o**2 + 10*o + 11. List the prime factors of c(9).
2, 5
Let i(b) = 27*b - 10. List the prime factors of i(5).
5
Suppose 0 = 5*x - 260 - 40. Suppose -4*z + 94 + x = y, -2 = -y. List the prime factors of z.
2, 19
Let b be (-192)/(-15) - (-1)/5. Suppose 0 = -a + 2*a - b. List the prime factors of a.
13
Suppose 109 = 2*l + 2*y - 79, l + 4*y = 85. What are the prime factors of l?
97
Let m(q) = -4*q + 39. List the prime factors of m(5).
19
Let m = -16 - -23. List the prime factors of m.
7
Suppose 4*u + 4*m - 36 = 0, 0*m = -2*m + 10. Suppose 0 = -2*w - 4*h, -2*w + u*h = 2*h. Suppose -3*x + 18 = -w*x. List the prime factors of x.
2, 3
Let r = 79 - 43. What are the prime factors of r?
2, 3
Suppose p - 7 = -2. Suppose -p*u = -8*u + 129. What are the prime factors of u?
43
Let u(o) = 9*o**2 + 2*o + 1. Let z be u(-2). Let a = -13 + z. List the prime factors of a.
2, 5
Suppose 3*m = 8*m + 2*t - 90, -5*t = 4*m - 89. List the prime factors of 4/m - (-78)/8.
2, 5
Let a(z) = z + 4. Let r be a(-11). List the prime factors of -1 + 2 - 1*r.
2
Let d(h) = h + 2. Let c be d(-2). Suppose 15 = u - 0*u. Suppose -2*x - x + u = c. List the prime factors of x.
5
Suppose -2*k + 6 = k. Suppose h = k*f + 2, 0 = 5*h - 2*h - 3*f - 21. List the prime factors of h.
2, 3
Let x(t) = t**2 - t - 2. Let l be x(5). Let v be 2/(-6) + (-65)/(-15). Suppose 0 = 4*w - 3*w - v*r + l, 2*r = 4*w + 2. What are the prime factors of w?
2
Suppose 0 = 2*u - 108 + 20. What are the prime factors of u?
2, 11
Suppose 0 = -4*g + 6*g - 34. What are the prime factors of g?
17
Let a be 6 + -1 - (1 + 2). Suppose 4*p - 5*w - 11 - 4 = 0, 0 = 2*p + a*w - 12. What are the prime factors of p?
5
Suppose -3*y = 3*r - 21, 0 = 3*r - 7*r + 4*y + 4. Suppose 7 = -3*x + 2*o - 0*o, 0 = 4*o + r. List the prime factors of (6/5)/(x/(-15)).
2, 3
Let a = 31 + -24. List the prime factors of a.
7
Let c be (-10)/(-4)*(-6)/(-5). Let y = -8 + 13. List the prime factors of y/(0 + c/6).
2, 5
Let b(v) be the first derivative of v**2/2 + 9*v - 4. List the prime factors of b(-6).
3
Suppose 5*f - 2*a + 4*a - 45 = 0, -5*a + 60 = 5*f. What are the prime factors of f?
7
List the prime factors of ((-34)/5)/((-1)/10).
2, 17
Let h(d) = 2*d**2 - 3*d + 6. Let q be h(-4). Suppose q = 3*y - 28. List the prime factors of y.
2, 13
Let q(s) = 2*s**2 + s + 2. Let x(z) = -z**3 - 3*z**2 + 4*z - 2. Suppose 0 = 3*f + 3*d + 21, 4*d = 4*f - f. Let w be x(f). What are the prime factors of q(w)?
2
Let s = 7 - -7. What are the prime factors of s?
2, 7
Let b(t) = t - 11. Let v(z) = -z**2 - 7*z - 3. Let l be v(-3). Let w be b(l). What are the prime factors of 1/(w/42)*-1?
3, 7
Let a = 14 - -27. What are the prime factors of a?
41
Let a(i) = -i + 1. Let h(g) = -2*g - 1. Let p(b) = 6*a(b) - 2*h(b). List the prime factors of p(-8).
2, 3
Suppose -2*c = 2*i - 22, 2*c - 36 = 3*i + 2*i. Let g = -1 + c. List the prime factors of g.
2, 3
Let p = 35 - 17. Suppose 23 = -2*v + 3*t, -2*v + 4*v - 5*t = -21. Let w = v + p. List the prime factors of w.
5
Suppose -5*j - 4*d = -474, 2*d - 6*d + 192 = 2*j. Let g = -62 + j. What are the prime factors of g?
2
Let z = -12 - -15. Suppose 14 - 81 = -z*t - 4*l, 2*l = -4*t + 96. What are the prime factors of t?
5
Let w = 84 - -11. Suppose 0 = -5*k + 5*f + w, -39 = -4*k - 5*f + 82. Suppose k + 21 = 5*i. What are the prime factors of i?
3
Let g(x) = x**3 - 2*x**2 + 3*x. Suppose -5 = -3*d + 4. List the prime factors of g(d).
2, 3
Let a be ((-9)/(-6))/(1/2). Let k(z) = 1 + 3 + z**2 - a*z + 0*z. List the prime factors of k(5).
2, 7
Let l be 0 - (0 + (-6 - -3)). Suppose l*o - 11 = 2*o. What are the prime factors of o?
11
Let o = -7 + 23. What are the prime factors of o?
2
Suppose -242 = -2*i - i - t, -i + t = -86. List the prime factors of i.
2, 41
What are the prime factors of 22/(-33) + (-542)/(-3)?
2, 3, 5
Suppose 2*r + 2*k - 14 = 0, r - 20 = -3*k - 9. Suppose -5*a + 63 = 2*w, -r*w + 166 = 3*a + a. What are the prime factors of w?
2, 17
Let g be (-10)/(-15) - (-2)/(-3). Suppose 2*w = -g*w + 54. Suppose -w = -5*f + 3. What are the prime factors of f?
2, 3
Let i(r) = 20*r - 34. What are the prime factors of i(5)?
2, 3, 11
Suppose 5*m + 8*m = 3718. What are the prime factors of m?
2, 11, 13
Suppose -7*x + 363 - 83 = 0. List the prime factors of x.
2, 5
Let o(a) = -a**3 + 8*a**2 - 3*a + 10. Let p be o(7). Suppose x = -x + p. What are the prime factors of x?
19
Let j(c) be the third derivative of c**5/60 + c**4/6 + 5*c**3/6 + 2*c**2. List the prime factors of j(-5).
2, 5
Let d(u) = -5*u**2 - 2*u**2 + 3*u**2 + 6*u**2 + 1. What are the prime factors of d(3)?
19
Suppose 124 + 107 = 3*k. List the prime factors of k.
7, 11
Suppose -4*h - 3 = 1. Let y be h/((-1)/7*1). Suppose -3*t + 19 - y = 0. List the prime factors of t.
2
Let m = -104 + 265. List the prime factors of m.
7, 23
Suppose -2*u + 2 = -4. List the prime factors of u.
3
Suppose -22 = -k + 3*f, -2*k - f + 17 = 1. Let r = 19 - k. What are the prime factors of r?
3
Suppose -93 = -5*p - 2*k + 254, 0 = 4*p + k - 277. What are the prime factors of p?
3, 23
Let f = 424 - 295. Suppose 4*k - 147 = 5*w, -w - f = -3*k - 5. What are the prim